er when 16 is divided by o.
4
Let i(j) = -j**2 + 22*j - 25. Calculate the remainder when i(17) is divided by 21.
18
What is the remainder when 17 - ((-24)/(-8) - 5) is divided by 2*6 - (-1 - -2)?
8
Suppose 0 = -3*m - 3*p + 33, m - 5 + 2 = -5*p. Suppose 0 = 4*y - 2*y. Suppose y*b + 2*a + 12 = 2*b, 2*a = 2. Calculate the remainder when m is divided by b.
6
Suppose -4*j = -2*g - 12, -24 = -5*j - 3*g + g. Suppose 4*r = 6 + 54. What is the remainder when r is divided by j?
3
Suppose -32 = -0*i + 2*i. Let x = -7 - i. What is the remainder when 16 is divided by x?
7
Let o(i) = -i. Let x be o(0). Suppose -3*r + 9 = -x*r. What is the remainder when -15*((-10)/(-6) + -2) is divided by r?
2
Suppose -4 - 4 = -4*d. Let n(h) = -2*h**2 - 2*h**d + 3*h**2 + 2 - 6*h. What is the remainder when 19 is divided by n(-5)?
5
Suppose 0 = -5*r - 35 + 10. What is the remainder when 5/2*(-14)/r is divided by 5?
2
Let l be (-3 + 3 - -23)*-1. Let o = l + 35. What is the remainder when 33 is divided by o?
9
Let n be 190/5*2/4. Let v = -28 + n. What is the remainder when 35 is divided by (2/3)/(v/(-162))?
11
Suppose 2*f = 6*f - 184. Suppose 7*p - 17 = 8*p. Let i = p - -29. Calculate the remainder when f is divided by i.
10
Calculate the remainder when -3 + 2541/35 - 4/(-10) is divided by 4.
2
Calculate the remainder when 10 is divided by (12/(-7))/((-8)/28).
4
Let s(o) = o**2 + o + 4. Let v be s(-5). What is the remainder when 4/(v/117)*2 is divided by 20?
19
Calculate the remainder when (-8)/2 + -10 + 107 is divided by 24.
21
Suppose -2*u = -30 - 12. Suppose 7*p + o - 223 = 2*p, 2*p - 2*o = 82. Suppose -4*i - m = -p, -i + 4*m - 5 = -16. What is the remainder when u is divided by i?
10
Suppose -4*q + y = -15, 0*q - 4*y = -4*q. Suppose 3*r - 28 = -r - 4*o, -5*o = -3*r + 21. What is the remainder when r is divided by q?
2
Suppose t = -0 + 31. Calculate the remainder when 61 is divided by t.
30
Suppose -j - 11 = 68. Let a = -34 - j. Suppose u = -4*u + a. Calculate the remainder when 26 is divided by u.
8
Let m be 2/7 + 72/42. Suppose -3*j = -4*u - 68, -m*u + 3*u = -5. Calculate the remainder when 30 is divided by j.
14
Let b(u) = u**2 - 5*u + 2. Suppose -3*x - 2*x + 35 = 0. Calculate the remainder when x is divided by b(5).
1
Suppose 6*b - 156 = -6*b. Calculate the remainder when 48 is divided by b.
9
Suppose 0 = v - 2*v + 11. What is the remainder when 43 is divided by v?
10
Suppose 4*p - 22 - 34 = 0. Suppose 4 - p = -2*u. What is the remainder when 23 is divided by u?
3
Suppose 0 = 4*b - 3*i - 54, -5*b + 3*i = -2*b - 39. Calculate the remainder when 59 is divided by b.
14
Let a = -67 + 74. Suppose 5*d + 79 = -41. Let c = 49 + d. Calculate the remainder when c is divided by a.
4
Suppose 0 - 16 = -4*i. Let g = 13 - i. Suppose -v = 16 - 40. Calculate the remainder when v is divided by g.
6
Let j = -49 - -74. Calculate the remainder when 41 is divided by j.
16
Calculate the remainder when (-42)/(-4)*(11 - 9) is divided by 9.
3
Suppose -w = 4*w - 15. Suppose w*l - 30 = 72. Calculate the remainder when l is divided by 14 + 0 + -1 + -1.
10
Let x = 13 - 5. Let f be 22/8 + 2/8. Suppose 0 = -f*v + 9, 2*n - v - 63 = -n. What is the remainder when n is divided by x?
6
Let u = -28 - -36. What is the remainder when 22 is divided by u?
6
Suppose -4 = l - 0. Let w = l - 4. Calculate the remainder when 9 is divided by w/6*(-24)/8.
1
Suppose 27 = 5*z - 8. Calculate the remainder when 25 is divided by z.
4
Let d = 14 + -12. Suppose d*r = 66 - 8. What is the remainder when r is divided by 10?
9
Let y = -4 - -38. What is the remainder when y is divided by 13?
8
Let h(o) = 2*o - 10. Suppose s + 12 = -4*l, 0 = -l + s - 3. Let x be (1/l)/((-5)/135). Calculate the remainder when 23 is divided by h(x).
7
Suppose 4*p - 71 = p - 2*n, 4*p - 95 = -3*n. Calculate the remainder when p is divided by (-1 + -1)/((-4)/24).
11
Calculate the remainder when 4/(-8)*0 + 7 is divided by 4.
3
Suppose -l + 2*l = -5*h + 128, 4*l = -5*h + 137. Let q = -23 + h. Let i = 3 + 0. Calculate the remainder when i is divided by q.
1
Suppose -110 = 8*i - 13*i. Suppose -2*b = 2*b - 32. Calculate the remainder when i is divided by b.
6
Let a(w) = w**2 - 9*w + 45. Calculate the remainder when a(8) is divided by 10.
7
Suppose -n = -0*n + 3*a + 11, 5*n = -a - 27. Let g(t) = t**3 + 7*t**2 - t + 1. Calculate the remainder when g(n) is divided by 19.
18
Let g = 23 - 14. Let v = g + -5. Suppose -2*q + v*n - 8*n + 44 = 0, -5*q + 134 = 2*n. What is the remainder when q is divided by 15?
13
Let z = 12 + -8. Suppose 0 = 3*t - z*d - 49, -3 + 8 = -5*d. What is the remainder when 44 is divided by t?
14
Suppose 2*z + z + 60 = 2*t, 5*z - 30 = -t. Calculate the remainder when 87 is divided by t.
27
Let m(y) = y**3 - 11*y**2 - 9*y - 15. Let v(d) = 11*d**3 + d**2. Let l be v(1). Calculate the remainder when m(l) is divided by (2/(-4))/(2/(-44)).
10
Let o = -126 + 134. What is the remainder when 53 is divided by o?
5
Suppose 22 = h - 2. Let y = h - 17. What is the remainder when 24 is divided by y?
3
Let j be (-27)/(-6)*(-104)/12. Let c = -17 - j. Calculate the remainder when 42 is divided by c.
20
Let w(d) = -8*d + 7. Suppose -4*j + 3*j = -t - 16, 2 = -t. What is the remainder when w(-6) is divided by j?
13
Calculate the remainder when 42 is divided by 10/4*(5 - -1).
12
Suppose -5*m + 3*p + 106 = 0, -m + 14 = 4*p - 21. Suppose -7*o + 6*o = -m. What is the remainder when o is divided by 8?
7
Let d(o) = 3*o**2 - 3*o. Let t(u) = u. Let v be t(4). Suppose 10 - 74 = -v*l. Calculate the remainder when l is divided by d(2).
4
Let s(x) = 8. Let m(q) = -q. Let r(c) = 2*m(c) - s(c). What is the remainder when 5 is divided by r(-5)?
1
Let p be (0 - 125)*18/15. Calculate the remainder when 28 is divided by (p/4)/5*-2.
13
Suppose 5 + 105 = 2*x. What is the remainder when x is divided by 8?
7
What is the remainder when 33 is divided by (-12)/(33/(-9) + 3)?
15
Suppose 3*a = m - 2, 0*m = m - 2. Suppose -2*z + 23 + 47 = -3*i, 4*i - 8 = a. Calculate the remainder when z is divided by 10.
8
Let p be ((-8)/(-10))/((-16)/(-520)). Suppose -p = -j - j. What is the remainder when j is divided by 7?
6
Let d = -101 - -106. Calculate the remainder when 20 is divided by d.
0
Let j be (1/(-2))/((-4)/16). Suppose 3*b = j*b - 4. What is the remainder when b/(-14) - (-78)/21 is divided by 3?
1
Suppose -4*s + 5*d = -5*s + 6, -2*d = -3*s + 1. Suppose -2*m + 13 = s. What is the remainder when 22 is divided by m?
4
Let m(q) = q**2 - 6*q + 5. Let z(j) = j**2 + 3*j - 7. Let c be z(6). Suppose 5*f + 17 = c. Calculate the remainder when 13 is divided by m(f).
3
Let w = 4 - 3. Suppose -3*p = -37 + w. Let s = -30 - -53. What is the remainder when s is divided by p?
11
Let d(i) = i**3 - 7*i**2 - 3*i + 7. Calculate the remainder when d(8) is divided by 16.
15
Let u(m) = 2*m**2 - 2*m + 3. Suppose 5*f = 7 + 8. Let h be u(f). Suppose -d + 43 = 2*q, -4*d = d + h. Calculate the remainder when q is divided by 8.
7
Let p(j) = -j**3 + 5*j**2 - 3*j + 13. Calculate the remainder when 64 is divided by p(3).
20
Suppose -2*f = -f - 10. Let u = f + 1. What is the remainder when 40 is divided by u?
7
Suppose -s + 6*s = 25. Suppose s*d = -6 + 71. Suppose 2*h - 38 = h. Calculate the remainder when h is divided by d.
12
Let s(z) = -2*z + 14. Let g be s(6). Suppose -g*q - 4*i + 84 = 0, -5*q + 62 = -4*i - 92. Calculate the remainder when q is divided by 7.
6
Let m = -78 - -94. Calculate the remainder when 30 is divided by m.
14
Suppose 0 = -3*j - 5 + 11. Suppose -3*p = j*p - 3*r - 155, 71 = 2*p - 3*r. Calculate the remainder when 83 is divided by p.
27
Suppose 5*d + 3 = 13. Suppose 0 = -c - 4*o + 15, o - d*o = -4*c + 9. Calculate the remainder when 4 is divided by c.
1
Suppose -d = -3*d + 18. Let k = d + 2. Suppose 5*s - 22 = 13. What is the remainder when k is divided by s?
4
Let p be (0 - -8)*(3 + -1). Let f = p - 3. Calculate the remainder when 25 is divided by f.
12
Let y = -21 + 40. Let i = y - -10. Suppose 50 = 4*m + m. What is the remainder when i is divided by m?
9
Let u = -31 + 34. What is the remainder when 15 is divided by u?
0
Let o = -40 + 91. What is the remainder when o is divided by 11?
7
Suppose -2*l - 4 = -3*t, -t + 5*l - 8 = 2*t. Suppose t*s = h + 55 + 3, h = 5*s - 72. Calculate the remaind